. Calculate b(q).
3
Suppose 261*q + 520 = 281*q. Let t(b) = -b + 29. Give t(q).
3
Let u(i) = -22*i + 2. Let f be (-8)/(-184)*23 - 0/2. What is u(f)?
-20
Let g(o) = 1 + o**2 - 16*o**2 + 5*o**2 + 6*o**2 + 5*o**2. Give g(3).
10
Let m(a) = a**2 + 2*a + 1. Suppose -13*o + 15*o - 6 = 0. Suppose 4 = -j + o. Give m(j).
0
Let q be (-5)/((-5)/5) + -1. Let z(g) = 4*g + 9*g**2 - 13*g**2 - 3*g - 4*g**3 + 5*g**3. Give z(q).
4
Let p(x) be the third derivative of 1/6*x**3 + 0 - 3*x**2 + 1/12*x**5 + 0*x**4 + 0*x. Calculate p(2).
21
Let a(y) be the third derivative of -1/24*y**4 - 10*y**2 - 1/6*y**3 + 0 + 1/120*y**6 + 0*y + 1/12*y**5. Determine a(-5).
4
Let z(n) be the first derivative of -n**3/3 + 9*n**2/2 + 7*n + 339. Calculate z(10).
-3
Let w(v) = 3*v**2 - 24*v + 9. Let p = -823 - -831. Determine w(p).
9
Let m = 94 + -94. Let j(u) = -9*u - u**2 + 1 + 14 - 2 + m*u. Calculate j(-10).
3
Let k(l) = -l**3 + l**2 + 2*l + 2. Let o(h) = h**2 - 27*h + 50. Let s be o(25). Let q = -2 - s. What is k(q)?
10
Let x(a) = -a + 11. Let b be x(9). Let c(n) = n**3 + n - b*n**2 + 0*n**2 - 3 - 4*n**2. Calculate c(6).
3
Let n(u) = 5*u + 3. Let d be n(-3). Let a = d + -4. Let x = a + 15. Let i(h) = h**2 - 1. What is i(x)?
0
Let w(y) = 4*y + 6. Let k be (-548)/5 + 6/(-15). Let m = -117 - k. What is w(m)?
-22
Let q(a) = -4*a**2 - 2*a**2 + 3*a + 0 + 6 - 16 + 8. Calculate q(3).
-47
Let y(d) = 2*d**3 - 6*d**2 + 3*d + 1. Let q = -2935 - -2937. Give y(q).
-1
Let u(o) = 1 - 1 - o. Let x(k) = -2*k**2 - 9*k + k**2 + 6*k + 3. Let i(m) = 3*u(m) - x(m). Determine i(3).
6
Suppose -5376*j - 109 = -5332*j - 21. Let h(k) = -9*k**3 - 4*k**2 - 3. Let w(d) = -5*d**3 - 2*d**2 - 2. Let v(u) = -3*h(u) + 5*w(u). What is v(j)?
-9
Let o(j) be the first derivative of -j**2/2 - 140. Calculate o(-6).
6
Let r(j) be the first derivative of 2*j - 5 + 1/3*j**4 + 3*j**2 + 1/20*j**5 - 1/2*j**3. Let s(d) be the first derivative of r(d). Give s(-5).
-4
Let l(k) = -k**3 - 8*k**2 - 8*k - 2. Let z be l(-7). Let f = z + -2. Let c(d) = d**3 - 3*d**2 + 3*d - 1. Determine c(f).
8
Let t be (3/4)/(2/(-8)). Let z be 3/2*4/t*-1. Let x(g) = g**2 + g - 1. What is x(z)?
5
Let j(l) = -l - 8. Suppose -4*k + 9*k + 10 = 5*t, -5*k - 5*t - 20 = 0. Calculate j(k).
-5
Let a be ((-6)/10)/(2*(-8)/80). Suppose 2*i - 10 = 0, -a*x - 2*i + 22 = -x. Let h(m) = -m + 8. Calculate h(x).
2
Let d(z) = -z + 3. Let j(g) = -4*g + 13. Let t(i) = -18*d(i) + 4*j(i). Let w be t(-1). Let p(o) = o**3 + 3*o**2 - 4*o + 4. What is p(w)?
4
Let d = 7 - 12. Let w(s) = 19943*s**2 + 8 - 19942*s**2 - 6 + 7*s. Give w(d).
-8
Let l(w) = -w + 1. Let a(u) = 1. Let v(d) = -d**2 + d + 14. Let k(y) = -4*a(y) + v(y). Let m(f) = k(f) - 4*l(f). What is m(5)?
6
Let i(p) = p**3 + p - 1. Let c(j) = 2*j**3 + 7*j**2 - 9*j - 12. Let t(g) = -c(g) + i(g). Give t(-8).
-5
Let c(h) be the third derivative of h**4/12 + 2*h**2. Suppose -s = -2*n - 4, 5*n = -s + 4*s - 12. Let z be (6 - 3) + -5 + n. Give c(z).
-4
Let m(f) = f**2 + 9*f + 11. Suppose 10*i - 13*i = -4*a - 12, -3*a - i - 22 = 0. Determine m(a).
-7
Let o = 623 - 626. Let f(n) = -7*n**2 - 4*n + 1. Let z(s) = 3*s**2 + 2*s. Let l = -8 + 3. Let y(j) = l*z(j) - 2*f(j). Give y(o).
-5
Let c(x) be the third derivative of -7*x**5/120 + x**4/12 - 8*x**3/3 + 16*x**2. Let t(o) be the first derivative of c(o). Give t(2).
-12
Let m be 103/5 + (-9)/15. Let l = m - 20. Let v be (6 + l)/((-6)/8). Let a(q) = 2*q + 9. What is a(v)?
-7
Let q(v) = v**3 + 40 - 53*v + 46*v + 9*v**2 - 20. Determine q(-10).
-10
Let v be ((-6)/(-8))/(2/8). Let l be 4 + (-8)/4 + -1 + 4. Let s(d) = d - 16 - l*d + 0*d + v*d. Calculate s(0).
-16
Suppose 7*n = 6*n. Suppose -19*h + 22*h - 21 = n. Let m(o) = -o + 3. Give m(h).
-4
Let l(s) be the first derivative of s**3/6 + 14*s + 36. Let y(w) be the first derivative of l(w). Give y(7).
7
Suppose 47 = -4*j - 9. Let i(h) be the second derivative of -h**5/20 - 5*h**4/4 - 5*h**3/2 - 7*h**2 + 7*h. Let b be i(j). Let k(l) = l**2 - 10. Give k(b).
-10
Let q be (3 + 0)/((-42)/(-28)) - -3. Suppose -4*w = -0*w + b + 22, -4*w = -q*b + 10. Let y(c) = -c**2 - 5*c + 6. What is y(w)?
6
Let w(m) = -44*m**2 - 27*m**2 + 11*m + 4 + 70*m**2. Let h be ((-11)/(-4))/(1/4). Let k be w(h). Let l(d) = -d**2 + 6*d - 2. What is l(k)?
6
Suppose 2*p = -2*h + p + 9, -h + 3*p + 22 = 0. Suppose 12 = -5*d + h. Let b(j) = 15*j**3 - j**2 + j + 1. Determine b(d).
-16
Let s(k) = k + 1. Let x(f) = 23. Let m(d) = s(d) + x(d). What is m(-11)?
13
Let g(m) = m**2 - 6*m - 3. Let i be -5 - 5 - -7 - -9. Determine g(i).
-3
Let h = -126 + 126. Let j(a) = 2*a + 4. Determine j(h).
4
Let f be (-44)/(-12) - 10/15. Suppose 3*z = r + 18, 0*z - f*z = 5*r + 90. Let m be (-4)/(-6) - 24/r. Let n(o) = o**3 - 2*o**2. Determine n(m).
0
Let o(t) = 19*t**3 - 12*t**2 - 5*t + 6. Let g(s) = -19*s**3 + 10*s**2 + 4*s - 5. Let v(z) = -5*g(z) - 4*o(z). Determine v(-1).
-20
Suppose 24 - 29 = -5*n. Let u(j) = 14*j**2 + 5*j. Let a(i) = 27*i**2 + 9*i. Let b(l) = -6*a(l) + 11*u(l). Give b(n).
-7
Suppose -18*p + 12*p = 36. Let q(j) = -j**3 - 6*j**2 + j + 5. Give q(p).
-1
Let s(p) = 529*p**2 - 6*p - 1055*p**2 + 9 + 525*p**2. Calculate s(-6).
9
Let o(d) be the second derivative of -d**4/12 - 7*d**3/6 - 3*d**2 + 408*d. Determine o(-6).
0
Suppose 42 = 10*x + 92. Let n(t) = -3*t - 7. What is n(x)?
8
Suppose 5*d + 3*m + 2 + 0 = 0, 0 = -d + 2*m - 3. Let z(o) = 12*o**3 + 2*o**2 + 2*o + 1. Give z(d).
-11
Let c(o) be the first derivative of -2*o**3/3 + o**2 + 2*o - 4. Suppose -6 = -0*l - 3*l. Determine c(l).
-2
Let u(t) = -t**2 - 2*t + 6. Let b(z) = -2*z**3 - 2*z**2 - 1. Let d be b(-3). Suppose 16 = -4*g + 5*o - 3, -5*g - 5*o - d = 0. Give u(g).
-18
Let w(c) = c**2 - 6*c - 2. Let m be w(8). Suppose -5*i - m = b - 2*b, -3*b + 3 = -2*i. Let d(v) = 5*v**2 - v - 1. What is d(b)?
5
Let o(l) = 19*l**3 + l + 1. Let f be -8 + (-27)/(-3) + -2. Give o(f).
-19
Let b(m) = -m**2 - 4*m + 13. Let v be b(-6). Let g(z) = 4*z - v - 2*z + 2*z + 9*z**2. Let a(h) = -17*h**2 - 7*h + 2. Let i(l) = 3*a(l) + 5*g(l). Determine i(1).
-6
Let s be 34/10 - (-2)/(-5). Let a(x) = 3*x**s + 7*x**2 - 2*x**3 - 7*x + 0 + 10. Let b = 11707 - 11715. Give a(b).
2
Let h(q) = q**2 - 3*q - 1. Suppose -m - 24 = -3*b - 5*m, 2*b - 5*m = 16. Suppose 9 = -5*z + 34, b = j + 2*z. Calculate h(j).
9
Let j be ((-10)/(-80))/((-1)/(-4)). Let h(o) be the second derivative of -3*o + 1/12*o**4 + 0 - o**2 - j*o**3. Give h(-2).
8
Suppose -g = -n + 3*g - 6, -3*n - 2*g + 10 = 0. Let o(p) = p**3 - 2*p**2 - 14 + 9 + 2*p - n*p**3 + 6. Determine o(-3).
4
Let g(b) be the third derivative of -b**5/60 - b**4/24 - b**3 + b**2. Let a = 17 - 17. What is g(a)?
-6
Let h(z) be the second derivative of -z**4/12 + z**3/2 + 4*z**2 + z. Let q be 224/38 - (-58)/551. Determine h(q).
-10
Suppose 2*a = -a - 15. Let m(x) = -7*x - 1. Let v(z) = -11*z - 1. Let p(f) = a*v(f) + 8*m(f). Calculate p(-5).
2
Let u(s) be the third derivative of -s**6/120 + s**5/20 + s**4/12 - s**3 - 145*s**2. Calculate u(3).
0
Suppose -5 + 0 = -3*b - 4*t, 3*b + t = -10. Let g(r) = -r**3 - 5*r**2 - 4*r - 6. Calculate g(b).
14
Let o(v) = v. Let d be o(4). Let h(g) be the second derivative of -g**4/12 + g**3/6 + g**2 - 51*g. What is h(d)?
-10
Let k(u) = u**2 + 4*u + 3. Let l be k(-3). Suppose l = 6*b - 4*b - 26. Let t(m) = 7*m**2 - m + 13 - b - m**2. Determine t(-1).
7
Suppose -2*z + 40 = -4*p + 14, 21 = -4*p + 3*z. Let y(g) = g**3 + 9*g**2 - g - 6. What is y(p)?
3
Suppose 0 = 3*j + 17 + 4. Let y = j - -11. Let h = -3 + y. Let r(p) = p**2 - 2*p. Calculate r(h).
-1
Let w(r) = 4*r + 11. Let m(s) = -9*s - 29. Let d(c) = 2*m(c) + 5*w(c). Give d(5).
7
Suppose -24*h - 317 = -365. Let c(m) be the first derivative of m**h - 7/4*m**4 + 2/3*m**3 + m - 1. What is c(-1)?
8
Let h = -35 + 37. Let l(i) = i**2 - 3*i - 2. Let w be l(4). Let k(y) = 4*y - 2*y**w - y**2 - 3 + 4*y - 4*y. What is k(h)?
-7
Let w(n) be the first derivative of 26 - 8*n + 1/2*n**2. Determine w(6).
-2
Let r(c) = c**2 + 9*c + 10. Let x be r(-7). Let t be (x/14*-3)/((-2)/14). Let i(h) = 8 - h**2 + 7*h + h**3 - 2*h**3 - 4*h**2. Determine i(t).
2
Let u(b) = -b**3 + 8*b**2 + 10*b - 1. Let h = -296 - -305. What is u(h)?
8
Let c be (-3 - (25 - -3))/1. Let f = c + 29. Let r(m) be the second derivative of -4*m**3/3 - 3*m**2/2 + m. Determine r(f).
13
Let w(h) be the third de